{"id":26338,"date":"2016-01-17T06:34:44","date_gmt":"2016-01-17T06:34:44","guid":{"rendered":"http:\/\/carnevalesanremo.it\/excursions-parade-florale-2016\/"},"modified":"2026-02-16T11:14:22","modified_gmt":"2026-02-16T11:14:22","slug":"excursions-parade-florale","status":"publish","type":"page","link":"https:\/\/carnevalesanremo.it\/fr\/sejour-a-san-remo\/excursions-parade-florale\/","title":{"rendered":"EXCURSIONS PARADE FLORALE"},"content":{"rendered":"<p>[et_pb_section fb_built=\u00a0\u00bb1&Prime; fullwidth=\u00a0\u00bbon\u00a0\u00bb _builder_version=\u00a0\u00bb4.17.4&Prime; _module_preset=\u00a0\u00bbdefault\u00a0\u00bb locked=\u00a0\u00bboff\u00a0\u00bb global_colors_info=\u00a0\u00bb{}\u00a0\u00bb][et_pb_fullwidth_slider _builder_version=\u00a0\u00bb4.22.0&Prime; _module_preset=\u00a0\u00bbdefault\u00a0\u00bb global_colors_info=\u00a0\u00bb{}\u00a0\u00bb][et_pb_slide heading=\u00a0\u00bbEXCURSIONS PARADE FLORALE\u00a0\u00bb _builder_version=\u00a0\u00bb4.22.0&Prime; _module_preset=\u00a0\u00bbdefault\u00a0\u00bb background_image=\u00a0\u00bbhttps:\/\/carnevalesanremo.it\/wp-content\/uploads\/2024\/01\/escursioni-sanremo-groups-trip-corso-fiorito.jpg\u00a0\u00bb background_enable_image=\u00a0\u00bbon\u00a0\u00bb global_colors_info=\u00a0\u00bb{}\u00a0\u00bb sticky_transition=\u00a0\u00bbon\u00a0\u00bb][\/et_pb_slide][\/et_pb_fullwidth_slider][\/et_pb_section][et_pb_section fb_built=\u00a0\u00bb1&Prime; _builder_version=\u00a0\u00bb4.16&Prime; global_colors_info=\u00a0\u00bb{}\u00a0\u00bb][et_pb_row _builder_version=\u00a0\u00bb4.16&Prime; background_size=\u00a0\u00bbinitial\u00a0\u00bb background_position=\u00a0\u00bbtop_left\u00a0\u00bb background_repeat=\u00a0\u00bbrepeat\u00a0\u00bb global_colors_info=\u00a0\u00bb{}\u00a0\u00bb][et_pb_column type=\u00a0\u00bb4_4&Prime; _builder_version=\u00a0\u00bb4.16&Prime; custom_padding=\u00a0\u00bb|||\u00a0\u00bb global_colors_info=\u00a0\u00bb{}\u00a0\u00bb custom_padding__hover=\u00a0\u00bb|||\u00a0\u00bb][et_pb_text _builder_version=\u00a0\u00bb4.22.0&Prime; background_size=\u00a0\u00bbinitial\u00a0\u00bb background_position=\u00a0\u00bbtop_left\u00a0\u00bb background_repeat=\u00a0\u00bbrepeat\u00a0\u00bb global_colors_info=\u00a0\u00bb{}\u00a0\u00bb]<\/p>\n<h3>Pensez aux journ\u00e9es palpitantes qui vous attendent ici \u00e0 San Remo avec la Parade florale \u00ab San Remo en fleurs 2026 \u00bb\u2026 mettez-nous en charge de toute la planification hasardeuse de votre s\u00e9jour \u00e0 San Remo, incluant le transport et l\u2019organisation d\u2019excursions \u00e0 la Ligure et sur la C\u00f4te d\u2019Azur.<\/h3>\n<p>Nous sommes \u00e0 votre disposition pour vous aider \u00e0 organiser le voyage et \u00e0 fournir :<\/p>\n<ul>\n<li>Le transport de l\u2019a\u00e9roport de Nice \u00e0 San Remo<\/li>\n<li>Le transport de l\u2019a\u00e9roport de\u00a0Genoa \u00e0 San Remo<\/li>\n<li>Location de voiture<\/li>\n<li>R\u00e9servation de vols et de traversiers<\/li>\n<li>Excursions et visites guid\u00e9es de la Ligure et de la C\u00f4te d\u2019Azur<\/li>\n<\/ul>\n<h3>Renseignements<\/h3>\n<p><strong>Nyala Wonder Travel<\/strong>\u00a0Via Solaro 134 \u2013 18038 \u00a0San Remo<\/p>\n<p><strong>Envoyez-nous un message par le biais du formulaire de contact ou t\u00e9l\u00e9phonez au\u00a0<\/strong>:<strong>0184 666 986\u00a0<\/strong>(lun. au vendr. 9h30 \u00e0 17h30 \/ sam. 9h30 \u00e0 13 h)<\/p>\n<p><em>Nous sommes \u00e0 votre disposition pour organiser le meilleur s\u00e9jour possible \u00e0 San Remo\u00a0!<\/em><\/p>\n<p>[\/et_pb_text][\/et_pb_column][\/et_pb_row][\/et_pb_section]<\/p>\n","protected":false},"excerpt":{"rendered":"<p>Pensez aux journ\u00e9es palpitantes qui vous attendent ici \u00e0 San Remo avec la Parade florale \u00ab San Remo en fleurs 2026 \u00bb\u2026 mettez-nous en charge de toute la planification hasardeuse de votre s\u00e9jour \u00e0 San Remo, incluant le transport et l\u2019organisation d\u2019excursions \u00e0 la Ligure et sur la C\u00f4te d\u2019Azur. Nous sommes \u00e0 votre disposition [&hellip;]<\/p>\n","protected":false},"author":1,"featured_media":0,"parent":29858,"menu_order":0,"comment_status":"closed","ping_status":"closed","template":"","meta":{"_et_pb_use_builder":"on","_et_pb_old_content":"","_et_gb_content_width":"","footnotes":""},"yoast_head":"<!-- This site is optimized with the Yoast SEO plugin v21.9.1 - https:\/\/yoast.com\/wordpress\/plugins\/seo\/ -->\n<title>EXCURSIONS PARADE FLORALE | Sanremo Corso Fiorito 2026<\/title>\n<meta name=\"description\" content=\"Notre agence de voyages organise le transport a\u00e9roports et des excursions, incluant le Sanremo Corso Fiorito 2026\" \/>\n<meta name=\"robots\" content=\"index, follow, max-snippet:-1, max-image-preview:large, max-video-preview:-1\" \/>\n<link rel=\"canonical\" href=\"https:\/\/carnevalesanremo.it\/fr\/sejour-a-san-remo\/excursions-parade-florale\/\" \/>\n<meta property=\"og:locale\" content=\"fr_FR\" \/>\n<meta property=\"og:type\" content=\"article\" \/>\n<meta property=\"og:title\" content=\"EXCURSIONS PARADE FLORALE | Sanremo Corso Fiorito 2026\" \/>\n<meta property=\"og:description\" content=\"Notre agence de voyages organise le transport a\u00e9roports et des excursions, incluant le Sanremo Corso Fiorito 2026\" \/>\n<meta property=\"og:url\" content=\"https:\/\/carnevalesanremo.it\/fr\/sejour-a-san-remo\/excursions-parade-florale\/\" \/>\n<meta property=\"og:site_name\" content=\"Sanremo Corso Fiorito 2026\" \/>\n<meta property=\"article:modified_time\" content=\"2026-02-16T11:14:22+00:00\" \/>\n<meta name=\"twitter:label1\" content=\"Dur\u00e9e de lecture estim\u00e9e\" \/>\n\t<meta name=\"twitter:data1\" content=\"2 minutes\" \/>\n<script type=\"application\/ld+json\" class=\"yoast-schema-graph\">{\"@context\":\"https:\/\/schema.org\",\"@graph\":[{\"@type\":\"WebPage\",\"@id\":\"https:\/\/carnevalesanremo.it\/fr\/sejour-a-san-remo\/excursions-parade-florale\/\",\"url\":\"https:\/\/carnevalesanremo.it\/fr\/sejour-a-san-remo\/excursions-parade-florale\/\",\"name\":\"EXCURSIONS PARADE FLORALE | Sanremo Corso Fiorito 2026\",\"isPartOf\":{\"@id\":\"https:\/\/carnevalesanremo.it\/#website\"},\"datePublished\":\"2016-01-17T06:34:44+00:00\",\"dateModified\":\"2026-02-16T11:14:22+00:00\",\"description\":\"Notre agence de voyages organise le transport a\u00e9roports et des excursions, incluant le Sanremo Corso Fiorito 2026\",\"breadcrumb\":{\"@id\":\"https:\/\/carnevalesanremo.it\/fr\/sejour-a-san-remo\/excursions-parade-florale\/#breadcrumb\"},\"inLanguage\":\"fr-FR\",\"potentialAction\":[{\"@type\":\"ReadAction\",\"target\":[\"https:\/\/carnevalesanremo.it\/fr\/sejour-a-san-remo\/excursions-parade-florale\/\"]}]},{\"@type\":\"BreadcrumbList\",\"@id\":\"https:\/\/carnevalesanremo.it\/fr\/sejour-a-san-remo\/excursions-parade-florale\/#breadcrumb\",\"itemListElement\":[{\"@type\":\"ListItem\",\"position\":1,\"name\":\"Home\",\"item\":\"https:\/\/carnevalesanremo.it\/fr\/\"},{\"@type\":\"ListItem\",\"position\":2,\"name\":\"S\u00c9JOUR \u00c0 SAN REMO\",\"item\":\"https:\/\/carnevalesanremo.it\/hotel-sanremo\/\"},{\"@type\":\"ListItem\",\"position\":3,\"name\":\"EXCURSIONS PARADE FLORALE\"}]},{\"@type\":\"WebSite\",\"@id\":\"https:\/\/carnevalesanremo.it\/#website\",\"url\":\"https:\/\/carnevalesanremo.it\/\",\"name\":\"Sanremo Corso Fiorito 2026\",\"description\":\"Chars Fleuri | Carnaval de San Remo 2026\",\"potentialAction\":[{\"@type\":\"SearchAction\",\"target\":{\"@type\":\"EntryPoint\",\"urlTemplate\":\"https:\/\/carnevalesanremo.it\/?s={search_term_string}\"},\"query-input\":\"required name=search_term_string\"}],\"inLanguage\":\"fr-FR\"}]}<\/script>\n<!-- \/ Yoast SEO plugin. -->","yoast_head_json":{"title":"EXCURSIONS PARADE FLORALE | Sanremo Corso Fiorito 2026","description":"Notre agence de voyages organise le transport a\u00e9roports et des excursions, incluant le Sanremo Corso Fiorito 2026","robots":{"index":"index","follow":"follow","max-snippet":"max-snippet:-1","max-image-preview":"max-image-preview:large","max-video-preview":"max-video-preview:-1"},"canonical":"https:\/\/carnevalesanremo.it\/fr\/sejour-a-san-remo\/excursions-parade-florale\/","og_locale":"fr_FR","og_type":"article","og_title":"EXCURSIONS PARADE FLORALE | Sanremo Corso Fiorito 2026","og_description":"Notre agence de voyages organise le transport a\u00e9roports et des excursions, incluant le Sanremo Corso Fiorito 2026","og_url":"https:\/\/carnevalesanremo.it\/fr\/sejour-a-san-remo\/excursions-parade-florale\/","og_site_name":"Sanremo Corso Fiorito 2026","article_modified_time":"2026-02-16T11:14:22+00:00","twitter_misc":{"Dur\u00e9e de lecture estim\u00e9e":"2 minutes"},"schema":{"@context":"https:\/\/schema.org","@graph":[{"@type":"WebPage","@id":"https:\/\/carnevalesanremo.it\/fr\/sejour-a-san-remo\/excursions-parade-florale\/","url":"https:\/\/carnevalesanremo.it\/fr\/sejour-a-san-remo\/excursions-parade-florale\/","name":"EXCURSIONS PARADE FLORALE | Sanremo Corso Fiorito 2026","isPartOf":{"@id":"https:\/\/carnevalesanremo.it\/#website"},"datePublished":"2016-01-17T06:34:44+00:00","dateModified":"2026-02-16T11:14:22+00:00","description":"Notre agence de voyages organise le transport a\u00e9roports et des excursions, incluant le Sanremo Corso Fiorito 2026","breadcrumb":{"@id":"https:\/\/carnevalesanremo.it\/fr\/sejour-a-san-remo\/excursions-parade-florale\/#breadcrumb"},"inLanguage":"fr-FR","potentialAction":[{"@type":"ReadAction","target":["https:\/\/carnevalesanremo.it\/fr\/sejour-a-san-remo\/excursions-parade-florale\/"]}]},{"@type":"BreadcrumbList","@id":"https:\/\/carnevalesanremo.it\/fr\/sejour-a-san-remo\/excursions-parade-florale\/#breadcrumb","itemListElement":[{"@type":"ListItem","position":1,"name":"Home","item":"https:\/\/carnevalesanremo.it\/fr\/"},{"@type":"ListItem","position":2,"name":"S\u00c9JOUR \u00c0 SAN REMO","item":"https:\/\/carnevalesanremo.it\/hotel-sanremo\/"},{"@type":"ListItem","position":3,"name":"EXCURSIONS PARADE FLORALE"}]},{"@type":"WebSite","@id":"https:\/\/carnevalesanremo.it\/#website","url":"https:\/\/carnevalesanremo.it\/","name":"Sanremo Corso Fiorito 2026","description":"Chars Fleuri | Carnaval de San Remo 2026","potentialAction":[{"@type":"SearchAction","target":{"@type":"EntryPoint","urlTemplate":"https:\/\/carnevalesanremo.it\/?s={search_term_string}"},"query-input":"required name=search_term_string"}],"inLanguage":"fr-FR"}]}},"_links":{"self":[{"href":"https:\/\/carnevalesanremo.it\/fr\/wp-json\/wp\/v2\/pages\/26338"}],"collection":[{"href":"https:\/\/carnevalesanremo.it\/fr\/wp-json\/wp\/v2\/pages"}],"about":[{"href":"https:\/\/carnevalesanremo.it\/fr\/wp-json\/wp\/v2\/types\/page"}],"author":[{"embeddable":true,"href":"https:\/\/carnevalesanremo.it\/fr\/wp-json\/wp\/v2\/users\/1"}],"replies":[{"embeddable":true,"href":"https:\/\/carnevalesanremo.it\/fr\/wp-json\/wp\/v2\/comments?post=26338"}],"version-history":[{"count":12,"href":"https:\/\/carnevalesanremo.it\/fr\/wp-json\/wp\/v2\/pages\/26338\/revisions"}],"predecessor-version":[{"id":238071,"href":"https:\/\/carnevalesanremo.it\/fr\/wp-json\/wp\/v2\/pages\/26338\/revisions\/238071"}],"up":[{"embeddable":true,"href":"https:\/\/carnevalesanremo.it\/fr\/wp-json\/wp\/v2\/pages\/29858"}],"wp:attachment":[{"href":"https:\/\/carnevalesanremo.it\/fr\/wp-json\/wp\/v2\/media?parent=26338"}],"curies":[{"name":"wp","href":"https:\/\/api.w.org\/{rel}","templated":true}]}}

<p>[et_pb_section fb_built= »1&Prime; fullwidth= »on » _builder_version= »4.17.4&Prime; _module_preset= »default » locked= »off » global_colors_info= »{} »][et_pb_fullwidth_slider _builder_version= »4.22.0&Prime; _module_preset= »default » global_colors_info= »{} »][et_pb_slide heading= »EXCURSIONS PARADE FLORALE » _builder_version= »4.22.0&Prime; _module_preset= »default » background_image= »https://carnevalesanremo.it/wp-content/uploads/2024/01/escursioni-sanremo-groups-trip-corso-fiorito.jpg » background_enable_image= »on » global_colors_info= »{} » sticky_transition= »on »][/et_pb_slide][/et_pb_fullwidth_slider][/et_pb_section][et_pb_section fb_built= »1&Prime; _builder_version= »4.16&Prime; global_colors_info= »{} »][et_pb_row _builder_version= »4.16&Prime; background_size= »initial » background_position= »top_left » background_repeat= »repeat » global_colors_info= »{} »][et_pb_column type= »4_4&Prime; _builder_version= »4.16&Prime; custom_padding= »||| » global_colors_info= »{} » custom_padding__hover= »||| »][et_pb_text _builder_version= »4.22.0&Prime; background_size= »initial » background_position= »top_left » background_repeat= »repeat » global_colors_info= »{} »]</p>
<h3>Pensez aux journées palpitantes qui vous attendent ici à San Remo avec la Parade florale « San Remo en fleurs 2026 »… mettez-nous en charge de toute la planification hasardeuse de votre séjour à San Remo, incluant le transport et l’organisation d’excursions à la Ligure et sur la Côte d’Azur.</h3>
<p>Nous sommes à votre disposition pour vous aider à organiser le voyage et à fournir :</p>
<ul>
<li>Le transport de l’aéroport de Nice à San Remo</li>
<li>Le transport de l’aéroport de Genoa à San Remo</li>
<li>Location de voiture</li>
<li>Réservation de vols et de traversiers</li>
<li>Excursions et visites guidées de la Ligure et de la Côte d’Azur</li>
</ul>
<h3>Renseignements</h3>
<p><strong>Nyala Wonder Travel</strong> Via Solaro 134 – 18038  San Remo</p>
<p><strong>Envoyez-nous un message par le biais du formulaire de contact ou téléphonez au </strong>:<strong>0184 666 986 </strong>(lun. au vendr. 9h30 à 17h30 / sam. 9h30 à 13 h)</p>
<p><em>Nous sommes à votre disposition pour organiser le meilleur séjour possible à San Remo !</em></p>
<p>[/et_pb_text][/et_pb_column][/et_pb_row][/et_pb_section]</p>

<p>Pensez aux journées palpitantes qui vous attendent ici à San Remo avec la Parade florale « San Remo en fleurs 2026 »… mettez-nous en charge de toute la planification hasardeuse de votre séjour à San Remo, incluant le transport et l’organisation d’excursions à la Ligure et sur la Côte d’Azur. Nous sommes à votre disposition [&hellip;]</p>

<!-- This site is optimized with the Yoast SEO plugin v21.9.1 - https://yoast.com/wordpress/plugins/seo/ -->
<title>EXCURSIONS PARADE FLORALE | Sanremo Corso Fiorito 2026</title>
<meta name="description" content="Notre agence de voyages organise le transport aéroports et des excursions, incluant le Sanremo Corso Fiorito 2026" />
<meta name="robots" content="index, follow, max-snippet:-1, max-image-preview:large, max-video-preview:-1" />
<link rel="canonical" href="https://carnevalesanremo.it/fr/sejour-a-san-remo/excursions-parade-florale/" />
<meta property="og:locale" content="fr_FR" />
<meta property="og:type" content="article" />
<meta property="og:title" content="EXCURSIONS PARADE FLORALE | Sanremo Corso Fiorito 2026" />
<meta property="og:description" content="Notre agence de voyages organise le transport aéroports et des excursions, incluant le Sanremo Corso Fiorito 2026" />
<meta property="og:url" content="https://carnevalesanremo.it/fr/sejour-a-san-remo/excursions-parade-florale/" />
<meta property="og:site_name" content="Sanremo Corso Fiorito 2026" />
<meta property="article:modified_time" content="2026-02-16T11:14:22+00:00" />
<meta name="twitter:label1" content="Durée de lecture estimée" />
	<meta name="twitter:data1" content="2 minutes" />
<script type="application/ld+json" class="yoast-schema-graph">{"@context":"https://schema.org","@graph":[{"@type":"WebPage","@id":"https://carnevalesanremo.it/fr/sejour-a-san-remo/excursions-parade-florale/","url":"https://carnevalesanremo.it/fr/sejour-a-san-remo/excursions-parade-florale/","name":"EXCURSIONS PARADE FLORALE | Sanremo Corso Fiorito 2026","isPartOf":{"@id":"https://carnevalesanremo.it/#website"},"datePublished":"2016-01-17T06:34:44+00:00","dateModified":"2026-02-16T11:14:22+00:00","description":"Notre agence de voyages organise le transport aéroports et des excursions, incluant le Sanremo Corso Fiorito 2026","breadcrumb":{"@id":"https://carnevalesanremo.it/fr/sejour-a-san-remo/excursions-parade-florale/#breadcrumb"},"inLanguage":"fr-FR","potentialAction":[{"@type":"ReadAction","target":["https://carnevalesanremo.it/fr/sejour-a-san-remo/excursions-parade-florale/"]}]},{"@type":"BreadcrumbList","@id":"https://carnevalesanremo.it/fr/sejour-a-san-remo/excursions-parade-florale/#breadcrumb","itemListElement":[{"@type":"ListItem","position":1,"name":"Home","item":"https://carnevalesanremo.it/fr/"},{"@type":"ListItem","position":2,"name":"SÉJOUR À SAN REMO","item":"https://carnevalesanremo.it/hotel-sanremo/"},{"@type":"ListItem","position":3,"name":"EXCURSIONS PARADE FLORALE"}]},{"@type":"WebSite","@id":"https://carnevalesanremo.it/#website","url":"https://carnevalesanremo.it/","name":"Sanremo Corso Fiorito 2026","description":"Chars Fleuri | Carnaval de San Remo 2026","potentialAction":[{"@type":"SearchAction","target":{"@type":"EntryPoint","urlTemplate":"https://carnevalesanremo.it/?s={search_term_string}"},"query-input":"required name=search_term_string"}],"inLanguage":"fr-FR"}]}</script>
<!-- / Yoast SEO plugin. -->

Notre agence de voyages organise le transport aéroports et des excursions, incluant le Sanremo Corso Fiorito 2026

SÉJOUR À SAN REMO
